{"id":19,"date":"2012-09-29T14:33:03","date_gmt":"2012-09-29T12:33:03","guid":{"rendered":"http:\/\/www.blasorchester-herford.de\/wordpress\/?page_id=19"},"modified":"2024-11-26T14:18:20","modified_gmt":"2024-11-26T12:18:20","slug":"unsere-sponsoren","status":"publish","type":"page","link":"https:\/\/www.blasorchester-herford.de\/?page_id=19","title":{"rendered":"Sponsoren"},"content":{"rendered":"<p>Das Musikmachen ben\u00f6tigt neben gro\u00dfem Engagement auch Mittel f\u00fcr neue Noten, Notenst\u00e4nder, Uniformen oder Instrumente, um f\u00fcr alle attraktiv zu sein.<\/p>\n<p>Wir bedanken uns bei unseren Sponsoren, die uns dabei gro\u00dfz\u00fcgig unterst\u00fctzen.<\/p>\n<table>\n<tbody>\n<tr>\n<td style=\"vertical-align: middle;width: 312px\"><img decoding=\"async\" loading=\"lazy\" class=\"alignnone wp-image-3303\" src=\"https:\/\/www.blasorchester-herford.de\/content\/2024\/11\/Hensel-Logo.png\" alt=\"\" width=\"300\" height=\"212\" srcset=\"https:\/\/www.blasorchester-herford.de\/content\/2024\/11\/Hensel-Logo.png 2480w, https:\/\/www.blasorchester-herford.de\/content\/2024\/11\/Hensel-Logo-300x211.png 300w, https:\/\/www.blasorchester-herford.de\/content\/2024\/11\/Hensel-Logo-625x441.png 625w, https:\/\/www.blasorchester-herford.de\/content\/2024\/11\/Hensel-Logo-768x541.png 768w, https:\/\/www.blasorchester-herford.de\/content\/2024\/11\/Hensel-Logo-1536x1083.png 1536w, https:\/\/www.blasorchester-herford.de\/content\/2024\/11\/Hensel-Logo-2048x1444.png 2048w, https:\/\/www.blasorchester-herford.de\/content\/2024\/11\/Hensel-Logo-624x440.png 624w\" sizes=\"(max-width: 300px) 100vw, 300px\" \/><\/td>\n<td style=\"vertical-align: middle;width: 312px\"><img decoding=\"async\" loading=\"lazy\" class=\"alignnone size-full wp-image-3306\" src=\"https:\/\/www.blasorchester-herford.de\/content\/2024\/11\/Wolf-dunkel.jpg\" alt=\"\" width=\"842\" height=\"601\" srcset=\"https:\/\/www.blasorchester-herford.de\/content\/2024\/11\/Wolf-dunkel.jpg 842w, https:\/\/www.blasorchester-herford.de\/content\/2024\/11\/Wolf-dunkel-300x214.jpg 300w, https:\/\/www.blasorchester-herford.de\/content\/2024\/11\/Wolf-dunkel-625x446.jpg 625w, https:\/\/www.blasorchester-herford.de\/content\/2024\/11\/Wolf-dunkel-768x548.jpg 768w, https:\/\/www.blasorchester-herford.de\/content\/2024\/11\/Wolf-dunkel-624x445.jpg 624w\" sizes=\"(max-width: 842px) 100vw, 842px\" \/><\/td>\n<\/tr>\n<tr>\n<td style=\"vertical-align: middle;width: 312px\"><img decoding=\"async\" style=\"min-width: 20px !important;min-height: 20px !important\" src=\"https:\/\/www.blasorchester-herford.de\/content\/2012\/09\/sponsor_wiedemann-300x115.gif\" \/><br \/>\nwww.autoverleih-wiedemann.de<\/td>\n<td style=\"vertical-align: middle;width: 312px\"><img decoding=\"async\" loading=\"lazy\" style=\"min-width: 20px !important;min-height: 20px !important\" src=\"https:\/\/www.blasorchester-herford.de\/content\/2012\/11\/sponsor_werbung_design_opitz-300x166.png\" width=\"300\" height=\"166\" \/><\/td>\n<\/tr>\n<tr>\n<td style=\"vertical-align: middle;width: 312px\"><\/td>\n<td style=\"vertical-align: middle;width: 312px\"><\/td>\n<\/tr>\n<tr>\n<td style=\"vertical-align: middle;width: 312px\"><\/td>\n<td style=\"vertical-align: middle;width: 312px\"><img decoding=\"async\" style=\"min-width: 20px !important;min-height: 20px !important\" src=\"https:\/\/www.blasorchester-herford.de\/content\/2012\/09\/sponsor_rabeckmann-300x154.gif\" \/><\/td>\n<\/tr>\n<tr>\n<td style=\"vertical-align: middle;width: 312px\"><\/td>\n<td style=\"vertical-align: middle;width: 312px\"><\/td>\n<\/tr>\n<tr>\n<td style=\"vertical-align: middle;width: 312px\"><img decoding=\"async\" style=\"min-width: 20px !important;min-height: 20px !important\" src=\"https:\/\/www.blasorchester-herford.de\/content\/2012\/09\/sponsor_platzhalter-300x78.gif\" \/><\/td>\n<td style=\"vertical-align: middle;width: 312px\"><img decoding=\"async\" style=\"min-width: 20px !important;min-height: 20px !important\" src=\"https:\/\/www.blasorchester-herford.de\/content\/2012\/09\/sponsor_platzhalter-300x78.gif\" \/><\/td>\n<\/tr>\n<\/tbody>\n<\/table>\n<p>So war es uns zum Beispiel m\u00f6glich, ein eigenes Fahrzeug mit Anh\u00e4nger anzuschaffen, welches uns hilft, unsere musikalische Botschaft in alle Welt zu tragen.<\/p>\n<p><a href=\"https:\/\/www.blasorchester-herford.de\/wordpress\/?attachment_id=90\" rel=\"attachment wp-att-90\"><img decoding=\"async\" loading=\"lazy\" width=\"300\" height=\"225\" class=\"alignnone wp-image-90\" style=\"min-width: 20px !important;min-height: 20px !important\" title=\"Fahrzeug mit Anh\u00e4nger\" src=\"https:\/\/www.blasorchester-herford.de\/content\/2012\/09\/sponsoren_gespann-300x225.jpg\" alt=\"\" srcset=\"https:\/\/www.blasorchester-herford.de\/content\/2012\/09\/sponsoren_gespann-300x225.jpg 300w, https:\/\/www.blasorchester-herford.de\/content\/2012\/09\/sponsoren_gespann-624x468.jpg 624w, https:\/\/www.blasorchester-herford.de\/content\/2012\/09\/sponsoren_gespann.jpg 960w\" sizes=\"(max-width: 300px) 100vw, 300px\" \/><\/a><\/p>\n","protected":false},"excerpt":{"rendered":"<p>Das Musikmachen ben\u00f6tigt neben gro\u00dfem Engagement auch Mittel f\u00fcr neue Noten, Notenst\u00e4nder, Uniformen oder Instrumente, um f\u00fcr alle attraktiv zu sein. Wir bedanken uns bei unseren Sponsoren, die uns dabei gro\u00dfz\u00fcgig unterst\u00fctzen. www.autoverleih-wiedemann.de So war es uns zum Beispiel m\u00f6glich, ein eigenes Fahrzeug mit Anh\u00e4nger anzuschaffen, welches uns hilft, unsere musikalische Botschaft in alle Welt [&hellip;]<\/p>\n","protected":false},"author":1,"featured_media":0,"parent":0,"menu_order":0,"comment_status":"closed","ping_status":"closed","template":"","meta":[],"_links":{"self":[{"href":"https:\/\/www.blasorchester-herford.de\/index.php?rest_route=\/wp\/v2\/pages\/19"}],"collection":[{"href":"https:\/\/www.blasorchester-herford.de\/index.php?rest_route=\/wp\/v2\/pages"}],"about":[{"href":"https:\/\/www.blasorchester-herford.de\/index.php?rest_route=\/wp\/v2\/types\/page"}],"author":[{"embeddable":true,"href":"https:\/\/www.blasorchester-herford.de\/index.php?rest_route=\/wp\/v2\/users\/1"}],"replies":[{"embeddable":true,"href":"https:\/\/www.blasorchester-herford.de\/index.php?rest_route=%2Fwp%2Fv2%2Fcomments&post=19"}],"version-history":[{"count":27,"href":"https:\/\/www.blasorchester-herford.de\/index.php?rest_route=\/wp\/v2\/pages\/19\/revisions"}],"predecessor-version":[{"id":3308,"href":"https:\/\/www.blasorchester-herford.de\/index.php?rest_route=\/wp\/v2\/pages\/19\/revisions\/3308"}],"wp:attachment":[{"href":"https:\/\/www.blasorchester-herford.de\/index.php?rest_route=%2Fwp%2Fv2%2Fmedia&parent=19"}],"curies":[{"name":"wp","href":"https:\/\/api.w.org\/{rel}","templated":true}]}}